{"id":2617,"date":"2025-11-23T22:00:30","date_gmt":"2025-11-23T21:00:30","guid":{"rendered":"https:\/\/allo-plato-oleron.fr\/?post_type=product&#038;p=2617"},"modified":"2025-11-27T21:36:23","modified_gmt":"2025-11-27T20:36:23","slug":"12-huitres-speciales-n3-fermees","status":"publish","type":"product","link":"https:\/\/allo-plato-oleron.fr\/produit\/12-huitres-speciales-n3-fermees\/","title":{"rendered":"12 Huitres Sp\u00e9ciales de Claire N\u00b03 Vertes, ferm\u00e9es"},"content":{"rendered":"<p><span>LES HUITRES FERM\u00c9ES SONT LIVR\u00c9ES EN SAC<\/span><\/p>\n","protected":false},"excerpt":{"rendered":"<p>LES HUITRES FERM\u00c9ES SONT LIVR\u00c9ES EN SAC<\/p>\n","protected":false},"featured_media":2618,"comment_status":"closed","ping_status":"closed","template":"","meta":{"_acf_changed":false},"product_brand":[],"product_cat":[47],"product_tag":[67],"class_list":{"0":"post-2617","1":"product","2":"type-product","3":"status-publish","4":"has-post-thumbnail","6":"product_cat-plateau-sur-mesure","7":"product_tag-huitres-naturelles-produites-elevees-et-affinees-a-oleron","9":"first","10":"instock","11":"taxable","12":"shipping-taxable","13":"purchasable","14":"product-type-simple"},"acf":[],"aioseo_notices":[],"_links":{"self":[{"href":"https:\/\/allo-plato-oleron.fr\/nov-apijson\/wp\/v2\/product\/2617","targetHints":{"allow":["GET"]}}],"collection":[{"href":"https:\/\/allo-plato-oleron.fr\/nov-apijson\/wp\/v2\/product"}],"about":[{"href":"https:\/\/allo-plato-oleron.fr\/nov-apijson\/wp\/v2\/types\/product"}],"replies":[{"embeddable":true,"href":"https:\/\/allo-plato-oleron.fr\/nov-apijson\/wp\/v2\/comments?post=2617"}],"wp:featuredmedia":[{"embeddable":true,"href":"https:\/\/allo-plato-oleron.fr\/nov-apijson\/wp\/v2\/media\/2618"}],"wp:attachment":[{"href":"https:\/\/allo-plato-oleron.fr\/nov-apijson\/wp\/v2\/media?parent=2617"}],"wp:term":[{"taxonomy":"product_brand","embeddable":true,"href":"https:\/\/allo-plato-oleron.fr\/nov-apijson\/wp\/v2\/product_brand?post=2617"},{"taxonomy":"product_cat","embeddable":true,"href":"https:\/\/allo-plato-oleron.fr\/nov-apijson\/wp\/v2\/product_cat?post=2617"},{"taxonomy":"product_tag","embeddable":true,"href":"https:\/\/allo-plato-oleron.fr\/nov-apijson\/wp\/v2\/product_tag?post=2617"}],"curies":[{"name":"wp","href":"https:\/\/api.w.org\/{rel}","templated":true}]}}

12 Huitres Spéciales de Claire N°3 Vertes, fermées

<p><span>LES HUITRES FERMÉES SONT LIVRÉES EN SAC</span></p>

<p>LES HUITRES FERMÉES SONT LIVRÉES EN SAC</p>
